s the value of -1 + -1 - ((-5 - -2) + -2)?
3
What is -9 + 9 + (0 - (-2 - -2))?
0
Evaluate 0 - (0 - -2 - (-1 - 2)).
-5
Calculate 1 + -5 + (1 - -2) - 3.
-4
What is the value of -3 + 3 + (-7 - -4) + 8?
5
Evaluate -8 + 8 + (-3 - 0).
-3
Evaluate -28 + 14 - (2 - 7).
-9
What is the value of 2 + -2 + -7 + (2 - 0)?
-5
Evaluate 1 + (7 - -2) + -10.
0
What is 43 + -43 - (-8 + 2)?
6
What is the value of -2 + -1 - (21 - 22)?
-2
-11 - (5 + (7 - 18))
-5
What is the value of 2 - 0 - (-11 + (10 - -6))?
-3
What is (0 + 20 - 15) + -15?
-10
Evaluate 3 - (-6 - -1 - -8).
0
What is 1 + 3 + (3 - 3) + -2?
2
Evaluate -40 - -32 - (1 - (11 + -2)).
0
Evaluate (-2 - -3) + -13 + 9.
-3
What is the value of -1 + -7 - (-46 - -44)?
-6
What is -12 + 7 - (1 - 9)?
3
What is the value of 1 + (-5 - -2) + -1 + -1?
-4
Calculate 0 + -2 + (-6 - (-6 - 3)).
1
Calculate 6 - (4 - (-7 + 5)).
0
Calculate 1 + 2 + 0 + 2.
5
Evaluate -2 + (-1 - (4 - 9)) - 0.
2
What is (-6 + 7 - -6) + 4?
11
What is the value of -4 + (11 - 4) + -2?
1
What is the value of 1 + -1 + (3 - 0)?
3
What is 1 - -2 - (14 - 13)?
2
Calculate -10 + (-1 - (2 + -8)).
-5
What is the value of -5 + 17 + (0 - 7)?
5
What is the value of (-2 - 1) + 13 + -6?
4
8 - (5 + -1) - (1 - -7)
-4
Evaluate -3 - -4 - (-4 + 2 + -1).
4
Evaluate 4 + (5 - 9) + 4.
4
Evaluate -1 - 3 - -3 - -2 - 10.
-9
Evaluate 1 - 0 - (-1 + 5).
-3
-7 + 4 - (-3 + 5 + -3)
-2
What is the value of -4 - ((0 - -3) + -2)?
-5
Calculate 4 - (3 + -2 - (-2 + -1)).
0
Evaluate 1 + 0 - 1 - (-209 + 208).
1
What is -26 - -26 - (-8 - 0)?
8
Evaluate 1 + 2 + -1 + 2 + -8.
-4
Evaluate 1 - (3 - (-7 + 8)).
-1
What is 1 - (11 - (4 - -2))?
-4
Calculate -4 + 26 + -5 + -8.
9
What is -9 + 8 + -1 + -1?
-3
What is 3 - 5 - -3 - (2 - -2)?
-3
Evaluate (-3 + 2 - 2) + 1 + -3.
-5
0 - (-3 - -3) - -4
4
Evaluate -11 + (9 - (11 - 4)).
-9
What is 0 + 12 + -4 + (-2 - 0)?
6
What is the value of 0 - (3 - (4 + -8))?
-7
Evaluate 1 + (0 - (-2 - (-9 - -3))).
-3
Calculate 0 + 0 + 4 + -3.
1
Evaluate 3 + 0 - ((0 - 0) + 1).
2
What is the value of 3 + (-1 - 3) - (1 + 3)?
-5
What is the value of -3 + 0 + 4 + 0 + -7?
-6
Evaluate 9 + -9 - ((-11 - -6) + -4).
9
9 - 8 - (2 - -1)
-2
Evaluate 6 + 0 + (1 - (4 - 1)).
4
2 + -2 + 10 + -4 + -11
-5
-9 - (0 - 3 - 4)
-2
What is the value of (2 - (-10 - -6)) + -10?
-4
What is the value of 6 - (-2 - -5 - (3 + -2))?
4
What is 8 - (2 + 1) - (1 + 3)?
1
Evaluate (-11 - -15 - 2) + 8.
10
What is the value of (6 - (-1 + -6) - 6) + -3?
4
Calculate (5 - (1 - 2)) + -4 - -3.
5
(6 - 1) + -3 + 3
5
Calculate -5 + 4 - -3 - (-3 - -2).
3
Evaluate -6 + -3 - (-1 - 6 - -7).
-9
(2 + -4 - -2) + 8 + -11
-3
-2 + 0 - 3 - -4
-1
Calculate 8 - (21 - (4 + 3)).
-6
What is -4 + 0 + (11 - (4 - 3))?
6
Calculate -9 - (6 + (-12 - -4)) - -5.
-2
Calculate 6 - (3 + 9 + -1).
-5
What is the value of (-3 + 0 - -6) + (-12 - -6)?
-3
2 + (-4 - 1) - -6
3
Calculate -5 - -7 - (6 - 1 - 1).
-2
What is 4 + (0 + 2 - (26 + -21))?
1
8 + (-1 + -8 - -5)
4
Evaluate 2 + 4 + -21 + 9.
-6
Calculate 20 + -20 + (0 - -4).
4
What is the value of 3 - (-4 + (7 - 4 - 2))?
6
(0 - 2 - (35 - 30)) + 5
-2
Calculate -6 - -7 - 3 - (-1 + 0).
-1
What is the value of -10 - (-3 + -1 - (-1 + 2))?
-5
3 - 7 - -8 - 4
0
What is 4 + 2 + -11 + (-11 - -10)?
-6
Evaluate -2 + -1 - (11 + -10).
-4
Calculate 2 + (-1 + -12 - 0).
-11
What is the value of (-1 - (3 + -2 - 3)) + 3?
4
Calculate (0 - 3) + (6 - -1).
4
Calculate 8 - 2 - (70 + -61).
-3
What is 2 - 7 - ((0 - 0) + -2)?
-3
What is -3 - ((-5 - 0) + (6 - 2))?
-2
2 - -7 - (-3 + -2 - -13)
1
Evaluate (7 - (2 + 9)) + -3.
-7
Evaluate -3 - (-13 + -7 + 10).
7
10 + 9 - 12 - 0
7
-1 - (7 + -10 + 9 + -2)
-5
0 + -4 + (6 + 0 - -1)
3
(1 - -1) + -1 - (-1 - 2)
4
(7 - 7) + (3 - 4)
-1
Calculate -2 + -14 + 12 + 7.
3
What is the value of 5 + 1 - (9 + 1 - 4)?
0
4 + (-2 - 4) + 1
-1
Evaluate -6 + (2 - (2 - 3)) + -1.
-4
Evaluate 25 + -20 + (0 - 1).
4
What is (0 - 3 - -8) + -4 + -1?
0
-2 - (-7 + 9 + -7)
3
Calculate 0 - (7 + -4 - 4).
1
-12 + 8 + 4 - (-3 - -10)
-7
(1 - 1) + 0 - (75 - 80)
5
Evaluate -5 + -1 + 2 + 1 + 1.
-2
What is the value of (-6 + 4 - 4) + 6?
0
What is -13 - (-13 + 14 + -6)?
-8
6 + -1 + 2 + -5 + -6
-4
-6 + ((3 - 2) + 1 - 0)
-4
Calculate -2 + 4 - -2 - 4.
0
Evaluate -2 - (2 + 2) - -7.
1
0 - -2 - (-22 + 19)
5
What is -2 + 8 - (-3 + 11)?
-2
-8 - ((-10 - -3) + 1)
-2
Calculate 5 + (-3 - (7 - 9)).
4
What is the value of 6 + -1 - (16 + -5 + -2)?
-4
-5 + (19 - (-8 + 17))
5
(-11 - (-9 - -3)) + 2
-3
What is (0 - -3) + -7 + 12?
8
-2 + -8 + 8 + 2 + -5
-5
Calculate -4 + 0 + 1 + 1 - -3.
1
Calculate (7 - 0) + -7 + -5.
-5
What is the value of -7 + 8 + (-6 - (-1 + -5))?
1
Evaluate -10 + (-3 - -8) - (2 + -4).
-3
Calculate -4 - 6 - (-8 + 2).
-4
7 + -3 - (-1 + -1 + 4)
2
What is the value of -2 + (5 - 0) + -2 + -3?
-2
What is 51 + -54 + (-1 - 0 - -3)?
-1
Calculate (-1 - (2 - 9)) + -4 + 1.
3
What is 4 - (5 - 3 - -3)?
-1
What is the value of (-3 - (-7 + 1)) + (1 - 0)?
4
What is the value of 5 + -2 + 1 + (-13 - -4)?
-5
What is the value of 1 - ((0 - 5 - -3) + 0)?
3
Calculate -2 - (3 + 4 + -5).
-4
Calculate -4 + 5 + 14 + -9.
6
Evaluate (-2 - -2) + (-23 - -20).
-3
What is the value of (4 + -11 - (6 - 3)) + 1?
-9
2 + -3 - -4 - (5 - -4)
-6
What is 7 + 2 + -45 + 39?
3
-6 + 19 - (-2 - -2 - -4)
9
Evaluate 3 + -8 - (3 - 3 - 1).
-4
Calculate 2 + 4 + (-11 - 0).
-5
What is 2 + 1 + 3 + -10 + 2?
-2
Evaluate 1 + 1 - (14 - 16).
4
Evaluate -1 - -3 - (-6 + 11).
-3
-4 + -1 + 4 + 3
2
0 - -2 - (20 - 15)
-3
What is 8 - (-6 - -13) - (-1 + 0)?
2
Evaluate 2 + (-4 - -1) + 4.
3
What is -2 - (5 + -6 + -3 + 5)?
-3
What is (1 - 0) + -7 + 2?
-4
Evaluate 4 - 0 - (3 - 1 - -1).
1
What is the value of -7 + 1 + (-20 - -22)?
-4
Calculate 1 + 0 - 2 - (4 - 14).
9
Evaluate 1 - (1 + -1) - -4.
5
What is the value of (-1 - -3) + -9 - (3 - 7)?
-3
What is the value of (7 - 13) + -1 + 0 - 1?
-8
152 + -154 - (5 + 0)
-7
Calculate 2 + 4 + -4 + -6.
-4
Evaluate -4 + 0 + 4 - -5.
5
What is -11 - -6 - (-9 + 2 + 5)?
-3
Evaluate 61 + -47 + (-14 - -2).
2
What is the value of 4 + (6 - (-7 - -19))?
-2
Calculate 6 + 9 + (5 - 17).
3
Calculate 0 - (4 + (4 - 5)).
-3
Evaluate -3 + 0 + -2 - -11 - 9.
-3
Evaluate -2 + (-3 - 1) - -6.
0
45 + -49 + -1 + (2 - -7)
4
What is the value of (22 - 26) + (1 - 2)?
-5
What is the value of -3 + 1 + (0 - -5)?
3
Calculate -1 - (2 - (-3 - -6)).
0
What is the value of (-5 - (-1 + -5)) + (-1 - -2)?
2
Evaluate (10 - (-1 + 5)) + 0 + -12.
-6
What is 1 + (-1 - (2 - (2 - 3)))?
-3
What is the value of (-8 - -4 - -3) + -5 - -6?
0
Calculate -2 + (-9 - -4) - -13.
6
What is 0 - (5 - (4 + 0 - -2))?
1
Evaluate 0 + -13 - (12 - (9 - -9)).
-7
Calculate 2 + (-11 - -6) + 0.
-3
Evaluate 6 + -5 + (-5 + 5 - -3).
4
Calculate -6 + 10 - 7 - -7.
4
What is (-15 - -6) + 3 + 2?
-4
Evaluate -6 + (5 + 1 - 5 - 2).
-7
Evaluate 17 - 14 - (1 + 7) - -3.
-2
What is 0 + 5 + -5 - (-2 - -4)?
-2
Evaluate -1 + -4 + 4 + 3.
2
Calculate -4 - -8 - (1 + -1) - 5.
-1
What is -8 - (-5 - (5 + 3)) - 4?
1
Evaluate -2 + 2 + 3 + -3 + -2.
-2
What is the value of -1 - (4 + -4 + 3)?
-4
(0 - -1) + 11 - 6
6
What is -1 - 1 - (8 + -3)?
-7
What is 2 - (6 - (0 - -10))?
6
Evaluate 12 - ((12 - -11) + -8).
-3
Evaluate -35 - -25 - (-7 - 1).
-2
Evaluate 0 - (4 + -4 + 1).
-1
Evaluate (-1 - -1) + -3 + 3.
0
What is the value of -6 - (8 + (-15 - -9))?
-8
Evaluate (-9 - (7 - 19)) + -12.
-9
What is the value of 10 + 13 + -26 + (5 - 0)?
2
What is -1 + (-3 - ((-2 - 0) + -1))?
-1
Evaluate (2 - 5) + (3 - 2).
-2
Calculate 8 - (1 - -5) - -1.
3
Evaluate 7 + -1 + (-2 - (-2 - -2)).
4
-2 + 8 - (-10 + -10 + 20)
6
What is the value of 2 - 4 - ((-1 - -4) + -9)?
4
Evaluate (-10 - -6) + (4 - 1) + 0.
-1
What is the value of -1 - (-11 + 2) - 15?
-7
Calculate (-9 - -7) + -9 + 18.
7
What is the value of -32 - -26 - (-8 + -3 - -4)?
1
What is (7 + -3 - 0) + -2 + 0?
2
Evaluate -2 + 1 + (-5 - -2) + 4.
0
-4 + (-7 + 4 - -2)
-5
Evaluate 6 + (0 - 5) + 2 + 1.
4
What is the value of 3 + (-4 + 0 - -6) + -2?
3
What is the value of (19 - 15) + -2 + -7?
-5
2 - (-6 + (14 - 6 - -4))
-4
0 + 6 + -36 + 29
-1
4 + (-5 - -12) + -7
4
Evaluate -7 - ((-4 - 7) + 5).
-1
-7 + (2 + -6 - (-12 + 3))
-2
What is the value of 1 + 0 + (0 - 0 - 2)?
-1
What is (-9 - -4) + 4 + 2?
1
Evaluate -3 - ((0 - -3) + -6 + 3).
-3
Evaluate 6 - (0 - (-7 + 1)).
0
What is 13 - (11 + 0) - -4?
6
Evaluate 3 + -9 + 8 + 0.
2
(7 - -6) + -